se 3*j + s + 14 = 0, 0*j - 4 = 2*j - 2*s. Let x be ((-21)/j)/((-7)/(-112)). Suppose 3*n = -r + 128, -2*r + x = 2*n - 0*r. Is n composite?
False
Let a = 7162 - -9597. Is a a prime number?
True
Let s = -9 - -12. Suppose -s*z = 4*c - 0*z - 12, -2*c = 2*z - 8. Suppose -2*n = -4*o + 34 - 124, -n + o + 49 = c. Is n a prime number?
True
Let a = 244 - 115. Suppose 5*v - 940 = -5*q, 3*v = -q - 3*q + 757. Suppose a = 2*n - q. Is n prime?
False
Suppose -45 = -7*u + 2*u. Suppose u*g = 2456 + 2521. Is g a composite number?
True
Let f(l) = 9*l**2 + 43*l + 173. Is f(-36) prime?
True
Suppose -4334 = 6*q - 23672. Is q composite?
True
Suppose 2*o = 4*z + 794, -5*o - 4*z + 1929 = -0*z. Is o composite?
False
Is (88663/15)/1 + (-38)/(-285) prime?
False
Let q(t) = 678*t + 71. Is q(24) composite?
True
Suppose -2*n - 8 = 0, 3*n + 2765 = u - 2*n. Suppose 3*b + 636 = u. Is b composite?
True
Let x(b) be the third derivative of -1/60*b**5 + 6*b**2 + 1/3*b**3 + 0*b + 0 + 0*b**4 + 1/8*b**6. Is x(2) a composite number?
True
Suppose -18*w = -14*w - 200. Suppose w = g - 27. Is g composite?
True
Let c(h) = 2168*h**3 + h**2 - 6*h - 6. Is c(3) composite?
True
Let t be 1/2*-8 + 6. Suppose -t*y + 2104 = 2*y. Suppose 3*f - 5*f = -y. Is f a prime number?
True
Suppose 4*y - 28 = 4*n, 0 = -4*y - n + 3. Let b(u) = -2*u + 4. Let v be b(y). Suppose v*g + 715 = 5*g. Is g a prime number?
False
Suppose -5*s + 7 = -1433. Let k = s + -454. Let a = 233 + k. Is a a prime number?
True
Let r = -4102 + 9729. Is r prime?
False
Let d = -37 + 39. Suppose 112 + 18 = d*y. Is y prime?
False
Let x(i) = -6*i**2 - 31*i - 33. Let b(k) = -23*k**2 - 123*k - 132. Let c(z) = 2*b(z) - 9*x(z). Is c(16) a composite number?
False
Suppose -3*u = 2*i - i - 125778, 0 = -u - 2*i + 41921. Is u a composite number?
False
Suppose -2*p = -3 - 5. Suppose 1248 = p*o - 5*d + 4*d, 3*o = d + 936. Suppose -o = -5*w + 13. Is w prime?
False
Suppose -5*t + 456374 - 101329 = 0. Is t composite?
True
Let p be (-2)/3 - 3/((-18)/(-794)). Let r = p + 260. Is r a prime number?
True
Suppose 0 = -8*i + 15 + 1. Is ((-5844)/(-24))/(i/4) prime?
True
Let q(s) = 2*s**2 + 7*s - 7. Let j be q(-6). Suppose j = 3*f + 8. Suppose 0 = -o - 0*o - z + 7, 4*o = f*z + 28. Is o prime?
True
Suppose 3*w - 663 = 2*w + 5*j, 0 = -5*w - j + 3289. Suppose w = 2*x + 2*v, 3*x - 3*v + 0*v - 999 = 0. Is x a composite number?
False
Suppose 0*x = 12*x - 195420. Is x a prime number?
False
Let w(q) be the third derivative of 10*q**4/3 - 11*q**3/2 - 8*q**2. Is w(6) prime?
False
Is (-2)/((-172566)/(-69028) + 90/(-36)) prime?
False
Is (1 - 5)*46*727/(-8) a prime number?
False
Suppose -n + 7208 = 1461. Is n composite?
True
Suppose f + 17 = 5*a, -2*f + f = -3. Suppose a*j - 390 = 550. Is j a prime number?
False
Let s(q) = -2*q**3 + 21*q**2 - 11*q - 4. Let w be s(10). Let n(h) = -68*h - 51. Is n(w) prime?
False
Let o be 1 - 0 - (-1 + -42). Suppose 3*c = 7 + 98. Suppose s = o + c. Is s composite?
False
Suppose 0*c = -5*c + y + 58, 3*y + 53 = 4*c. Let b(s) = -11*s**2 - 3 + 3 - s**2 + s**3 + 12*s - 5. Is b(c) a prime number?
False
Suppose 10*f - 18 = 7*f. Let k = 85 - f. Is k prime?
True
Let z be -2 + -4 + 5 - -5889. Is 5/((-75)/(-10)) + z/6 a composite number?
True
Let b(l) be the third derivative of l**5/15 - l**4/8 - 6*l**2. Let i be b(2). Suppose 18 + i = 2*k. Is k a composite number?
True
Let z(l) be the third derivative of -13*l**4/8 - 2*l**3/3 + 7*l**2. Is z(-5) composite?
False
Let x be (-3)/((-27)/2) - 70/(-9). Suppose x*o = -781 + 11957. Is o prime?
False
Let t be (8/10)/((-18)/(-45)). Suppose -t*j + 8 = 2*j. Suppose -1433 = -5*c - j*x, -c - 3*c - 4*x = -1144. Is c prime?
False
Let g be (-1)/(-3) + (-14)/42. Suppose 3*h + g*h = 2*t - 8342, -5*t = -3*h - 20873. Is t a prime number?
True
Suppose -139 = 5*r + 6. Let x = 29 + r. Suppose x = -o + 5*m + 195, 2*m - 8 = -2*m. Is o a composite number?
True
Let a(c) = -c**3 + 67*c**2 + 56*c - 21. Is a(52) a prime number?
True
Let r = 274 - -19. Let q be (-177 + -7)*-7 + -1. Suppose p - r = -4*b, 4*p + b + 130 = q. Is p a prime number?
False
Suppose 0 = 2*m + 2, 0 = -14*q + 18*q + 4*m - 53232. Is q prime?
True
Suppose -105 = -5*a - 95. Is 1*(a + -1)*691 composite?
False
Let v be (-20)/6*12/(-10). Suppose -x - 4*x = 0. Suppose -3*r - v*s = -34, -5*r - 4*s + 5 + 49 = x. Is r composite?
True
Suppose 0 = -4*d - d - 300. Let m(j) = 24*j + 1. Let p be m(-6). Let g = d - p. Is g prime?
True
Let d = 18 + -15. Suppose -d*x = r - 899, -3*x - r + 884 = -3*r. Is x composite?
True
Let q(b) = 40*b - 3. Suppose -4*v + 2*j + j = -13, 0 = -5*v + j + 19. Let h be q(v). Suppose -65 = -3*r + h. Is r composite?
True
Let r = -8 - -8. Suppose 42 = k + s - 506, r = -2*k - 3*s + 1093. Is k composite?
True
Let c be (0 - 1)*(-11 - -9). Is (-338)/1*c/(-4) prime?
False
Suppose 0 = -2*m - 6*j + j - 33, -18 = m + 4*j. Is 5/35 - 31512/m a composite number?
False
Let j(s) = -6*s**2 + 3*s + 5. Let x(v) = v**3 + 3*v**2 + 2*v - 2. Let r be x(-2). Let i be j(r). Let o = i + 78. Is o a prime number?
True
Let p(d) = 23*d - 3. Let l be p(2). Let j = -61 + l. Is (-430)/(-3) - (-6)/j a composite number?
True
Let a(y) be the second derivative of 5*y**4/6 + y**3/3 - y**2/2 + 42*y. Let w(l) = l**3 + 10*l**2 + 9*l - 2. Let q be w(-9). Is a(q) a composite number?
True
Let h = -6637 - -9978. Is h prime?
False
Suppose 0 = -11*i + 211008 + 713509. Is i a composite number?
False
Let b be (-3 - 6)*8/12. Is (b/(-15))/((-2)/(-70)) a composite number?
True
Suppose b - 14075 = -2*a, 14069 = -2*a + 4*a - 5*b. Is a composite?
True
Suppose -4*l = 2*h - 28, 0*l - 3*l + 3*h = -3. Let g = l - 1. Suppose 5*j = -u + 91 + 79, j - 15 = -g*u. Is j prime?
False
Let k be (2*-1)/(1/12). Let f be 6 + 158 + -4 - -3. Let x = f - k. Is x a prime number?
False
Suppose -j - 4*s + 4771 = 0, 5*j - 14*s + 12*s - 23789 = 0. Is j composite?
False
Let z(q) = 11*q + 3*q**2 - 3*q + 4 + q**3 - 14*q**2 - 23. Is z(11) a composite number?
True
Suppose -4*j = -2*p + 2 + 2, -3*p = -4*j - 4. Let x(h) = -h**3 + 4*h**2 - 1. Let d be x(3). Suppose -5*u - 5*r - 267 = -d*u, -5*r = p. Is u a prime number?
True
Let r(j) be the first derivative of j**4/2 - 29*j**3/3 + 5*j**2 + 18*j - 32. Is r(19) a prime number?
True
Let i(b) = -3*b - 4. Let l(q) = 5*q - 1. Let z be l(2). Suppose -r + 5*s + 6 = -z, -2*s + 12 = -4*r. Is i(r) composite?
False
Suppose 2*c - 6*n = -9*n + 19, -4*c = -5*n + 17. Is (12271/c - 1)/((-4)/(-8)) a prime number?
True
Let y(q) = 2*q**2 + 5*q - 11. Let v = 21 - 9. Suppose -2*k - v = -w, w - 3*k - 21 = -w. Is y(w) a prime number?
False
Let g = -3514 - -5612. Suppose -3*v - 4*k - 503 + 1748 = 0, 5*v = k + g. Is v composite?
False
Let a(l) = -91*l - 17. Let k be a(-4). Suppose 0 = 2*y - k + 25. Is y composite?
True
Suppose 0 = 2*j - 4, 0 = 3*s - 4*j + 8*j - 10931. Is s a prime number?
False
Let g = -1401 - -2323. Is g a prime number?
False
Let x = 688 - -86. Let n = -517 + x. Is n prime?
True
Suppose v = -3*k + 2, -5 = 3*k - 2*v - 19. Is 1501 + -2 + -1 - (k - 3) a prime number?
True
Let i(g) = 3*g**3 - 4*g**2 + 8*g - 2. Let u be i(6). Let r = u + -1022. Is -1 + 2 - (r - -2) a composite number?
True
Suppose 4*d - 665786 = -d + b, -4*d = -5*b - 532633. Is d prime?
True
Let z = -1493 + 6367. Is z/10 + (-26)/65 composite?
False
Let w = -38 + 23. Let y = w - -17. Suppose y*m = 5*x - 101 + 328, 2*m = -4*x + 254. Is m composite?
True
Let c = -242 + 369. Is c a composite number?
False
Suppose -14 = 3*k + 4*k. Let t be 46 - (-7)/((-7)/k). Is (-381)/(-2)*t/72 a composite number?
False
Is 3571780/180 + 4/(-18) prime?
True
Suppose 4*q - 35736 = 4*l, q - 1351 = -4*l + 7608. Is q a composite number?
True
Suppose -1675 = t - 18652. Suppose t = 6*r - 4*r + 5*c, -c - 8506 = -r. Is r a prime number?
True
Let h(p) = 2*p**2 - 7. Let l = -29 + 52. Suppose -4*v - w + l = 0, -v + 6*w + 10 = 2*w. Is h(v) prime?
False
Suppose 589 = c - 2*h, c - 4*h = 124 + 467. Is c prime?
True
Suppose -s = 5*b + 11, -5*b + 7*s - 3*s = 6. Is (-1)/(b/(-13))*(15 + -217) composite?
True
Suppose -4*v = -0*w + 4*w - 15204, -19021 = -5*v + 3*w. Is v a composite number?
False
Let n be -5*(2/1 + -3). Suppose n*q - 1199 = 221. Suppose q = 2*t - 726. Is t a prime number?
False
Suppose -2*o + 3*o + 75 = 0. Let i be -2 + o/(-3) + 1. Let k = -1 + i. Is k prime?
T